{"id":2,"date":"2019-02-12T13:48:57","date_gmt":"2019-02-12T13:48:57","guid":{"rendered":"http:\/\/gorjanci.eu\/?page_id=2"},"modified":"2026-01-04T13:46:24","modified_gmt":"2026-01-04T13:46:24","slug":"drustvo-gorjanske-kosenice","status":"publish","type":"page","link":"http:\/\/gorjanci.eu\/","title":{"rendered":"Drustvo Gorjanske kosenice"},"content":{"rendered":"<p>[et_pb_section fb_built=&#8221;1&#8243; fullwidth=&#8221;on&#8221; disabled_on=&#8221;off|off|off&#8221; admin_label=&#8221;Hero&#8221; _builder_version=&#8221;4.16&#8243; background_color=&#8221;rgba(124,218,36,0.52)&#8221; use_background_color_gradient=&#8221;on&#8221; background_color_gradient_stops=&#8221;#2b87da 11%|#7cda24 100%&#8221; background_color_gradient_start_position=&#8221;11%&#8221; background_color_gradient_end=&#8221;#7cda24&#8243; parallax=&#8221;on&#8221; custom_padding=&#8221;0|0px|0px|0px|false|false&#8221; mix_blend_mode=&#8221;lighten&#8221; hover_enabled=&#8221;0&#8243; border_color_all=&#8221;rgba(0,0,0,0)&#8221; transparent_background=&#8221;on&#8221; global_colors_info=&#8221;{}&#8221; sticky_enabled=&#8221;0&#8243;][et_pb_fullwidth_header title=&#8221;Miklav\u017e na Gorjancih&#8221; text_orientation=&#8221;center&#8221; header_fullscreen=&#8221;on&#8221; header_scroll_down=&#8221;on&#8221; scroll_down_icon=&#8221;%%4%%&#8221; scroll_down_icon_color=&#8221;#ffffff&#8221; scroll_down_icon_size=&#8221;35px&#8221; background_overlay_color=&#8221;rgba(0,56,1,0.5)&#8221; subhead_font_color=&#8221;#bebebe&#8221; _builder_version=&#8221;4.16&#8243; title_level=&#8221;h2&#8243; title_font=&#8221;Raleway||||||||&#8221; title_text_color=&#8221;#ffffff&#8221; title_font_size=&#8221;60px&#8221; title_line_height=&#8221;1.1em&#8221; content_font=&#8221;Montserrat||||&#8221; content_text_align=&#8221;center&#8221; content_text_color=&#8221;#FFFFFF&#8221; content_font_size=&#8221;17px&#8221; content_letter_spacing=&#8221;1px&#8221; content_line_height=&#8221;1.9em&#8221; subhead_font=&#8221;Montserrat||||&#8221; subhead_text_color=&#8221;#bebebe&#8221; subhead_line_height=&#8221;1.8em&#8221; background_color=&#8221;rgba(255,255,255,0)&#8221; background_image=&#8221;http:\/\/gorjanci.eu\/wp-content\/uploads\/2019\/02\/1462526_438275512943852_271850817_o.jpg&#8221; parallax=&#8221;on&#8221; parallax_method=&#8221;on&#8221; filter_saturate=&#8221;154%&#8221; filter_brightness=&#8221;104%&#8221; filter_contrast=&#8221;179%&#8221; child_filter_saturate=&#8221;108%&#8221; child_mix_blend_mode=&#8221;darken&#8221; animation_style=&#8221;zoom&#8221; animation_duration=&#8221;1500ms&#8221; animation_intensity_zoom=&#8221;4%&#8221; title_line_height_last_edited=&#8221;off|desktop&#8221; button_one_border_radius_hover=&#8221;0px&#8221; button_one_letter_spacing_hover=&#8221;1px&#8221; button_two_letter_spacing_hover=&#8221;1px&#8221; global_colors_info=&#8221;{}&#8221; button_one_text_size__hover_enabled=&#8221;off&#8221; button_two_text_size__hover_enabled=&#8221;off&#8221; button_one_text_color__hover_enabled=&#8221;off&#8221; button_two_text_color__hover_enabled=&#8221;off&#8221; button_one_border_width__hover_enabled=&#8221;off&#8221; button_two_border_width__hover_enabled=&#8221;off&#8221; button_one_border_color__hover_enabled=&#8221;off&#8221; button_two_border_color__hover_enabled=&#8221;off&#8221; button_one_border_radius__hover_enabled=&#8221;on&#8221; button_one_border_radius__hover=&#8221;0px&#8221; button_two_border_radius__hover_enabled=&#8221;off&#8221; button_one_letter_spacing__hover_enabled=&#8221;on&#8221; button_one_letter_spacing__hover=&#8221;1px&#8221; button_two_letter_spacing__hover_enabled=&#8221;on&#8221; button_two_letter_spacing__hover=&#8221;1px&#8221; button_one_bg_color__hover_enabled=&#8221;off&#8221; button_two_bg_color__hover_enabled=&#8221;off&#8221;]<\/p>\n<p>&nbsp;<\/p>\n<p>&nbsp;<\/p>\n<p><strong><\/strong><\/p>\n<p><strong><span style=\"font-size: x-large;\">Delovni \u010das:<\/span><br \/><\/strong><strong><\/strong><\/p>\n<p><strong><\/strong><\/p>\n<p><strong><\/strong><\/p>\n<p><strong><\/strong><\/p>\n<p><strong><\/strong><\/p>\n<p><em><\/em><\/p>\n<p><em>Delovni \u010das:<\/em><\/p>\n<p><em>petek 10.00 &#8211; 17.00<\/em><\/p>\n<p><em>sobota 7.00 &#8211; 17.00<\/em><\/p>\n<p><em>nedelja 7.00 &#8211; 17.00<\/em><\/p>\n<p><em>V primeru zelo slabega vremena, prosimo, da preverite odprtost lokala<\/em><\/p>\n<p><em>na FB_<a href=\"https:\/\/www.facebook.com\/miklavznagorjancih\">www.facebook.com\/miklavznagorjancih <\/a><\/em><em>ali pokli\u010dite.<\/em><\/p>\n<p>&nbsp;<\/p>\n<p><em>Za zaklju\u010dene dru\u017ebe je mo\u017eno tudi <\/em><\/p>\n<p><em>druge dni po predhodnem dogovoru. <\/em><\/p>\n<p><em>Na voljo so tudi sobe.<\/em><\/p>\n<p>&nbsp;<\/p>\n<p><em>Kontakt:<\/em><\/p>\n<p><strong>\u00a0<em>Iztok: 041 377 949<\/em><\/strong><\/p>\n<p><strong><em>Lorena: 041 495 955<\/em><\/strong><\/p>\n<p><strong><em><\/em><\/strong><\/p>\n<p><strong><em><\/em><\/strong><\/p>\n<p><strong><em><\/em><\/strong><\/p>\n<p><strong><em><\/em><\/strong><\/p>\n<p><strong><em><\/em><\/strong><\/p>\n<p><strong><\/strong><\/p>\n<p><strong><\/strong><\/p>\n<p><strong><\/strong><\/p>\n<p><strong><\/strong><\/p>\n<p>[\/et_pb_fullwidth_header][\/et_pb_section][et_pb_section fb_built=&#8221;1&#8243; _builder_version=&#8221;4.16&#8243; min_height=&#8221;2471.5px&#8221; custom_margin=&#8221;-1px|||||&#8221; custom_padding=&#8221;1px|0px|0|0px|false|false&#8221; global_colors_info=&#8221;{}&#8221;][et_pb_row _builder_version=&#8221;4.16&#8243; custom_padding=&#8221;27px|0px|1px|0px|false|false&#8221; global_colors_info=&#8221;{}&#8221;][et_pb_column type=&#8221;4_4&#8243; _builder_version=&#8221;4.16&#8243; custom_padding=&#8221;|||&#8221; global_colors_info=&#8221;{}&#8221; custom_padding__hover=&#8221;|||&#8221;][et_pb_social_media_follow _builder_version=&#8221;4.27.4&#8243; text_orientation=&#8221;center&#8221; global_colors_info=&#8221;{}&#8221;][et_pb_social_media_follow_network social_network=&#8221;facebook&#8221; url=&#8221;https:\/\/www.facebook.com\/miklavznagorjancih\/&#8221; _builder_version=&#8221;4.27.4&#8243; background_color=&#8221;#3b5998&#8243; global_colors_info=&#8221;{}&#8221; follow_button=&#8221;off&#8221; url_new_window=&#8221;on&#8221;]facebook[\/et_pb_social_media_follow_network][\/et_pb_social_media_follow][et_pb_gallery gallery_ids=&#8221;23,22,24,25,26,27,28,29,30,31,32,33,34,35,36,37,38,39,40,41,42,43,44,45&#8243; posts_number=&#8221;8&#8243; show_title_and_caption=&#8221;off&#8221; _builder_version=&#8221;4.27.4&#8243; hover_enabled=&#8221;0&#8243; global_colors_info=&#8221;{}&#8221; sticky_enabled=&#8221;0&#8243;][\/et_pb_gallery][\/et_pb_column][\/et_pb_row][et_pb_row _builder_version=&#8221;4.20.0&#8243; _module_preset=&#8221;default&#8221; global_colors_info=&#8221;{}&#8221;][et_pb_column type=&#8221;4_4&#8243; _builder_version=&#8221;4.20.0&#8243; _module_preset=&#8221;default&#8221; global_colors_info=&#8221;{}&#8221;][et_pb_accordion _builder_version=&#8221;4.20.0&#8243; _module_preset=&#8221;default&#8221; global_colors_info=&#8221;{}&#8221;][et_pb_accordion_item open=&#8221;on&#8221; _builder_version=&#8221;4.20.0&#8243; _module_preset=&#8221;default&#8221; global_colors_info=&#8221;{}&#8221;]<\/p>\n<h3><span><strong>Kmetovanje za ohranjanje vrstno pestrih travi\u0161\u010d s prenosom znanja na kmeta<\/strong>\u00a0<\/span><br \/><strong><\/strong><\/h3>\n<p><span><\/span><\/p>\n<h3 style=\"background-color: #ffffff;\"><span style=\"font-size: 22px;\"><span style=\"font-size: 22px; font-weight: bold;\"><img loading=\"lazy\" decoding=\"async\" src=\"http:\/\/gorjanci.eu\/wp-content\/uploads\/2023\/03\/EKS-za-razvoj-podezelja-1024x252-1.jpg\" width=\"439\" height=\"108\" alt=\"\" class=\"wp-image-129 alignnone size-full\" style=\"font-size: 22px;\" \/><\/span><\/span><\/h3>\n<p><strong><\/strong><\/p>\n<p><strong>Projekt EIP: Kmetovanje za ohranjanje vrstno pestrih travi\u0161\u010d s prenosom znanja na kmeta<\/strong><\/p>\n<p>Trajanje projekta:\u00a018. 05. 2022 \u2013 18. 05. 2025<br \/>Projekt\u00a0EIP: Kmetovanje za ohranjanje vrstno pestrih travi\u0161\u010d s prenosom znanja na kmeta sofinancirajo Agencija Republike Slovenije za kmetijske trge in razvoj pode\u017eelja, predvideni znesek javne podpore: 217.511,42\u20ac (sofinanciranje\u00a0 11 %).<\/p>\n<p>Projekt EIP je bil razpisan v okviru 4. javnega razpisa za podukrep 16.5: Podpora za skupno ukrepanje za bla\u017eitev podnebnih sprememb ali prilagajanje nanje ter za skupne pristope k okoljskim projektom in stalnim okoljskim praksam.<\/p>\n<p><strong>Sodelujo\u010de organizacije v projektu:<\/strong><\/p>\n<ul>\n<li>Zavod Republike Slovenije za varstvo narave (vodilni partner),<\/li>\n<li>Kmetijsko gozdarski zavod Ptuj,<\/li>\n<li>Univerza v Mariboru, Fakulteta za naravoslovje in matematiko<\/li>\n<li>PRJ Halo pode\u017eelsko razvojno jedro,<\/li>\n<li>Dru\u0161tvo Gorjanske ko\u0161enice,<\/li>\n<li>Branko Korez (kmetija),<\/li>\n<li>Vida Bratu\u0161ek (kmetija),<\/li>\n<li>Ana \u010crnivec (kmetija),<\/li>\n<li>Andra\u017e Rumpret (kmetija),<\/li>\n<li>Dejan Lorber (kmetija),<\/li>\n<li>Jo\u017ee Kre\u017ee (kmetija),<\/li>\n<li>Jo\u017ee Volaj (kmetija).<\/li>\n<\/ul>\n<p>Projekt EIP se osredoto\u010da na zmanj\u0161anje vpliva kmetijstva na biodiverziteto kmetijske krajine, natan\u010dneje na ohranjanje in izbolj\u0161anje stanja ter trajnostnega upravljanja vrstno pestrih travi\u0161\u010d (Natura 2000 kvalifikacijskih habitatnih tipov, na \u0161tirih obmo\u010djih Nature 2000).<\/p>\n<p><strong>Glavni cilj projekta<\/strong>\u00a0je v praksi na vsaj sedmih izbranih kmetijskih gospodarstvih in dveh dodatnih lokacijah travi\u0161\u010d testno preizkusiti mo\u017enost izvajanja rezultatsko usmerjenega ukrepa za vrsto pestra travi\u0161\u010da. Osnova zanj je bila pripravljena v okviru projekta LIFE Ohranjanje in upravljanje suhih travi\u0161\u010d v Vzhodni Sloveniji (LIFE 14 NAT\/SI\/000005) \u2013 LIFE TO GRASSLANDS, v projektu EIP pa bo ukrep operativno nadgrajen in promoviran. Omenjen ukrep za vrsto pestra travi\u0161\u010da je vklju\u010den v Strate\u0161ki na\u010drt skupne kmetijske politike 2023\u20132027 za Slovenijo, in sicer kot podintervencija C.1 \u2013 Ohranjanje suhih travi\u0161\u010d iz C. Rezultatske sheme intervencije IRP18: Kmetijsko-okoljska-podnebna pla\u010dila (KOPOP).<\/p>\n<p>V projektu EIP bomo podrobno definirali in uskladili potrebne korake za izvajanje rezultatskega kmetijsko okoljskega ukrepa za vrstno pestra travi\u0161\u010da sodelovanju z ARSKTRP, MKGP in MOP ter partnerji projekta. Prav tako bomo v projektu za pridobitev potrebnih podatkov za izra\u010duna izpada dohodka izvedli prakti\u010dni preizkus vzor\u010denja in analize pridelka trav in sena.<\/p>\n<p>V projektu EIP bomo spodbujali trajnostno multifunkcijsko rabo vrstno pestrih travi\u0161\u010d (z ekstenzivno ko\u0161njo\/pa\u0161o, ekstenzivnimi visokodebelnimi sadovnjaki, promocijo ekolo\u0161kega kmetovanja). Omenjeni modeli upravljanja vrsto pestrih travi\u0161\u010d vklju\u010dujejo tudi promocijo pridelave in predelave kakovostnih lokalnih surovin v produkte z dodano vrednostjo, kratke prodajne verige in s tem zvi\u0161ujejo ekonomsko vzdr\u017enost kmetij. Cilj je tudi prepre\u010diti opu\u0161\u010danja in\/ali preve\u010d intenzivno rabo travi\u0161\u010d\u00a0 z izobra\u017eevanjem o pomenu vrstno pestrih travi\u0161\u010d.<\/p>\n<p>Trajnostno multifunkcijsko upravljanje vrstno pestih travi\u0161\u010d predstavlja model ohranitvenega kmetovanja, saj se tla ne preoravajo, ne dodajo gnojila in FFS, spodbuja se tvorba humusa v tleh in ve\u010da vezave CO<sub>2<\/sub>\u00a0v tleh, kar pripomore k bla\u017eenju podnebnih sprememb. Prav tako se prepre\u010duje osve\u017eevanje tal in vode. Predlagan model tako predstavlja na naravi temelje\u010de re\u0161itve (Nature based solution), saj spodbuja trajnostno kmetovanje za zagotavljanje ohranjanja vrstno pestih travi\u0161\u010d, divjih opra\u0161evalcev, biotske pestrosti ter lokalnih genskih virov ob hkratnem upo\u0161tevanju ekonomske donosnosti kmetije in prispevanju k doseganju zastavljenim strate\u0161kim ciljem kmetijske politike, kot so zmanj\u0161anje uporabe gnojil, zmanj\u0161anje uporabe kemi\u010dnih pesticidov in antibiotikov, izbolj\u0161anje kvalitete tal, zmanj\u0161anje emisij toplogrednih plinov, ohranjanje kmetovanja na\u00a0 obmo\u010djih z omejenimi mo\u017enostmi za kmetijsko dejavnost, prepre\u010devanje naravnih nesre\u010d (plazenje tal), zmanj\u0161anje obratovalnih stro\u0161kov kmetije (manj pogoste ko\u0161nje, ni potrebe po uporabi gnojil in pesticidov). S spremljanjem indikatorjev stanja ohranjenosti travi\u0161\u010d pa bomo la\u017eje in natan\u010dneje spremljali doseganje rezultate, ki so financirani v okviru kmetijsko okolijskih ukrepov Skupne kmetijske politike (SKP).<\/p>\n<p>Znanja o multifunkcijskem upravljanju vrstno pestih travi\u0161\u010d kot model ohranitvenega kmetovanja ter na naravi temelje\u010dih re\u0161itve bomo prenesli v prakso na partnerske kmetije. Te pa bodo po modelu \u00bbkmet u\u010di kmeta\u00ab novo znanje prena\u0161ale naprej na druge kmetije.<\/p>\n<p>S projektom EIP bomo prispevali k dolgoro\u010dnemu cilju prepre\u010devanja opu\u0161\u010danja rabe in\/ali preve\u010d intenzivno rabo travi\u0161\u010d\u00a0z izobra\u017eevanjem o pomenu vrstno pestrih travi\u0161\u010d in kako jih ohranjati z ekstenzivnim upravljanjem (z zmerno pa\u0161o, pozno ko\u0161njo ter visokodebelnimi sadovnjaki brez FFS in gnojenja) ter tako prispevali k ve\u010djemu vpisu in u\u010dinkovitost ukrepa SKP, ki podpira ohranjanje vrsto pestrih travi\u0161\u010d.<\/p>\n<p><strong>Vodja projekta na ZRSVN:<\/strong><\/p>\n<p>Nika Debeljak<br \/>Zavod RS za varstvo narave, Osrednja enota Ljubljana<br \/>Toba\u010dna ulica 5, Ljubljana<br \/>tel: 01 230 95 42<br \/>e-po\u0161ta:\u00a0<a href=\"mailto:nika.debeljak@zrsvn.si\">nika.debeljak@zrsvn.si<\/a><\/p>\n<p><strong><em>Povezava na spletno stran Evropske komisije, namenjene Evropskemu kmetijskemu skladu za razvoj pode\u017eelja (<a href=\"https:\/\/ec.europa.eu\/info\/food-farming-fisheries\/key-policies\/common-agricultural-policy\/rural-development\">https:\/\/ec.europa.eu\/info\/food-farming-fisheries\/key-policies\/common-agricultural-policy\/rural-development<\/a>)<br \/><\/em><\/strong><strong><em>in na spletno stran PRP 2014\u20132020 (<a href=\"http:\/\/www.program-podezelja.si\/\">www.program-podezelja.si\/<\/a>).<\/em><\/strong><\/p>\n<p>&nbsp;<\/p>\n<p>[\/et_pb_accordion_item][\/et_pb_accordion][\/et_pb_column][\/et_pb_row][\/et_pb_section][et_pb_section fb_built=&#8221;1&#8243; _builder_version=&#8221;4.16&#8243; background_color=&#8221;#216300&#8243; global_colors_info=&#8221;{}&#8221;][et_pb_row _builder_version=&#8221;4.16&#8243; width=&#8221;69%&#8221; max_width=&#8221;69%&#8221; module_alignment=&#8221;center&#8221; custom_margin=&#8221;15px||&#8221; custom_padding=&#8221;0||||false|false&#8221; use_custom_width=&#8221;on&#8221; width_unit=&#8221;off&#8221; custom_width_percent=&#8221;69%&#8221; global_colors_info=&#8221;{}&#8221;][et_pb_column type=&#8221;4_4&#8243; _builder_version=&#8221;4.16&#8243; custom_padding=&#8221;0px||0px|&#8221; global_colors_info=&#8221;{}&#8221; custom_padding__hover=&#8221;|||&#8221;][et_pb_social_media_follow _builder_version=&#8221;4.27.4&#8243; text_orientation=&#8221;center&#8221; global_colors_info=&#8221;{}&#8221;][et_pb_social_media_follow_network social_network=&#8221;facebook&#8221; url=&#8221;https:\/\/www.facebook.com\/miklavznagorjancih\/&#8221; _builder_version=&#8221;4.27.4&#8243; background_color=&#8221;#3b5998&#8243; global_colors_info=&#8221;{}&#8221; follow_button=&#8221;off&#8221; url_new_window=&#8221;on&#8221;]facebook[\/et_pb_social_media_follow_network][\/et_pb_social_media_follow][et_pb_text _builder_version=&#8221;4.16&#8243; global_colors_info=&#8221;{}&#8221;]<\/p>\n<h2 style=\"text-align: center;\"><span style=\"color: #ffffff;\">Dru\u0161tvo Gorjanske ko\u0161enice, Cerov Log 150, 8310 \u0160entjernej<\/span><\/h2>\n<p>[\/et_pb_text][\/et_pb_column][\/et_pb_row][\/et_pb_section]<\/p>\n","protected":false},"excerpt":{"rendered":"<p>&nbsp; &nbsp; Delovni \u010das: Delovni \u010das: petek 10.00 &#8211; 17.00 sobota 7.00 &#8211; 17.00 nedelja 7.00 &#8211; 17.00 V primeru zelo slabega vremena, prosimo, da preverite odprtost lokala na FB_www.facebook.com\/miklavznagorjancih ali pokli\u010dite. &nbsp; Za zaklju\u010dene dru\u017ebe je mo\u017eno tudi druge dni po predhodnem dogovoru. Na voljo so tudi sobe. &nbsp; Kontakt: \u00a0Iztok: 041 377 949 [&hellip;]<\/p>\n","protected":false},"author":1,"featured_media":0,"parent":0,"menu_order":0,"comment_status":"closed","ping_status":"closed","template":"","meta":{"_et_pb_use_builder":"on","_et_pb_old_content":"<!-- wp:paragraph -->\n<p>This is an example page. It's different from a blog post because it will stay in one place and will show up in your site navigation (in most themes). Most people start with an About page that introduces them to potential site visitors. It might say something like this:<\/p>\n<!-- \/wp:paragraph -->\n\n<!-- wp:quote -->\n<blockquote class=\"wp-block-quote\"><p>Hi there! I'm a bike messenger by day, aspiring actor by night, and this is my website. I live in Los Angeles, have a great dog named Jack, and I like pi&#241;a coladas. (And gettin' caught in the rain.)<\/p><\/blockquote>\n<!-- \/wp:quote -->\n\n<!-- wp:paragraph -->\n<p>...or something like this:<\/p>\n<!-- \/wp:paragraph -->\n\n<!-- wp:quote -->\n<blockquote class=\"wp-block-quote\"><p>The XYZ Doohickey Company was founded in 1971, and has been providing quality doohickeys to the public ever since. Located in Gotham City, XYZ employs over 2,000 people and does all kinds of awesome things for the Gotham community.<\/p><\/blockquote>\n<!-- \/wp:quote -->\n\n<!-- wp:paragraph -->\n<p>As a new WordPress user, you should go to <a href=\"http:\/\/gorjanci.eu\/wp-admin\/\">your dashboard<\/a> to delete this page and create new pages for your content. Have fun!<\/p>\n<!-- \/wp:paragraph -->","_et_gb_content_width":"","footnotes":""},"aioseo_notices":[],"_links":{"self":[{"href":"http:\/\/gorjanci.eu\/index.php?rest_route=\/wp\/v2\/pages\/2"}],"collection":[{"href":"http:\/\/gorjanci.eu\/index.php?rest_route=\/wp\/v2\/pages"}],"about":[{"href":"http:\/\/gorjanci.eu\/index.php?rest_route=\/wp\/v2\/types\/page"}],"author":[{"embeddable":true,"href":"http:\/\/gorjanci.eu\/index.php?rest_route=\/wp\/v2\/users\/1"}],"replies":[{"embeddable":true,"href":"http:\/\/gorjanci.eu\/index.php?rest_route=%2Fwp%2Fv2%2Fcomments&post=2"}],"version-history":[{"count":18,"href":"http:\/\/gorjanci.eu\/index.php?rest_route=\/wp\/v2\/pages\/2\/revisions"}],"predecessor-version":[{"id":154,"href":"http:\/\/gorjanci.eu\/index.php?rest_route=\/wp\/v2\/pages\/2\/revisions\/154"}],"wp:attachment":[{"href":"http:\/\/gorjanci.eu\/index.php?rest_route=%2Fwp%2Fv2%2Fmedia&parent=2"}],"curies":[{"name":"wp","href":"https:\/\/api.w.org\/{rel}","templated":true}]}}